{"id":8,"date":"2025-03-10T16:16:28","date_gmt":"2025-03-10T16:16:28","guid":{"rendered":"https:\/\/corridadebelem.pt\/?page_id=8"},"modified":"2026-03-17T14:16:03","modified_gmt":"2026-03-17T14:16:03","slug":"home","status":"publish","type":"page","link":"https:\/\/corridadebelem.pt\/","title":{"rendered":"HOME"},"content":{"rendered":"\n<div class=\"wp-block-cover alignfull is-light\" style=\"min-height:807px;aspect-ratio:unset;\"><video class=\"wp-block-cover__video-background intrinsic-ignore\" autoplay muted loop playsinline src=\"https:\/\/corridadebelem.pt\/wp-content\/uploads\/2026\/03\/Design-sem-nome-1.mp4\" data-object-fit=\"cover\"><\/video><span aria-hidden=\"true\" class=\"wp-block-cover__background has-background-dim-0 has-background-dim\"><\/span><div class=\"wp-block-cover__inner-container is-layout-constrained wp-block-cover-is-layout-constrained\"><div class=\"wp-block-image\">\n<figure class=\"aligncenter size-full is-resized\"><img loading=\"lazy\" decoding=\"async\" width=\"1018\" height=\"628\" src=\"https:\/\/corridadebelem.pt\/wp-content\/uploads\/2026\/03\/POSTER-BELEM-2026-02-1.png\" alt=\"\" class=\"wp-image-365\" style=\"width:692px;height:auto\" srcset=\"https:\/\/corridadebelem.pt\/wp-content\/uploads\/2026\/03\/POSTER-BELEM-2026-02-1.png 1018w, https:\/\/corridadebelem.pt\/wp-content\/uploads\/2026\/03\/POSTER-BELEM-2026-02-1-300x185.png 300w, https:\/\/corridadebelem.pt\/wp-content\/uploads\/2026\/03\/POSTER-BELEM-2026-02-1-768x474.png 768w\" sizes=\"auto, (max-width: 1018px) 100vw, 1018px\" \/><\/figure>\n<\/div><\/div><\/div>\n\n\n\n<div class=\"wp-block-cover alignfull\"><span aria-hidden=\"true\" class=\"wp-block-cover__background has-nv-site-bg-background-color has-background-dim-100 has-background-dim\"><\/span><div class=\"wp-block-cover__inner-container is-layout-constrained wp-block-cover-is-layout-constrained\">\n<div style=\"height:50px\" aria-hidden=\"true\" class=\"wp-block-spacer\"><\/div>\n\n\n\n<h1 class=\"wp-block-heading has-text-align-center has-neve-link-color-color has-text-color has-link-color wp-elements-07313d3d492cfa3d0679e9e903e288c4\"><strong>Bem-vindos \u00e0&nbsp;12\u00aa edi\u00e7\u00e3o da&nbsp;\u201cCorrida de Bel\u00e9m\u201d!<\/strong><\/h1>\n\n\n\n<p class=\"has-text-align-center has-neve-text-color-color has-text-color has-link-color wp-elements-a9bc4588bf1e95ba97d932191bc05897\"><strong>Um encontro com a hist\u00f3ria e uma corrida com passagem pelos mais belos monumentos hist\u00f3ricos da cidade de Lisboa.<\/strong><\/p>\n\n\n\n<div class=\"wp-block-columns alignwide are-vertically-aligned-center is-layout-flex wp-container-core-columns-is-layout-9d6595d7 wp-block-columns-is-layout-flex\">\n<div class=\"wp-block-column is-vertically-aligned-center is-layout-flow wp-block-column-is-layout-flow\"><\/div>\n\n\n\n<div class=\"wp-block-column is-vertically-aligned-center is-layout-flow wp-block-column-is-layout-flow\"><\/div>\n\n\n\n<div class=\"wp-block-column is-vertically-aligned-center is-layout-flow wp-block-column-is-layout-flow\">\n<figure class=\"wp-block-image size-full\"><img loading=\"lazy\" decoding=\"async\" width=\"209\" height=\"209\" src=\"https:\/\/corridadebelem.pt\/wp-content\/uploads\/2026\/03\/POSTER-BELEM-2026-14.png\" alt=\"\" class=\"wp-image-353\" srcset=\"https:\/\/corridadebelem.pt\/wp-content\/uploads\/2026\/03\/POSTER-BELEM-2026-14.png 209w, https:\/\/corridadebelem.pt\/wp-content\/uploads\/2026\/03\/POSTER-BELEM-2026-14-150x150.png 150w\" sizes=\"auto, (max-width: 209px) 100vw, 209px\" \/><\/figure>\n<\/div>\n\n\n\n<div class=\"wp-block-column is-vertically-aligned-center is-layout-flow wp-block-column-is-layout-flow\">\n<figure class=\"wp-block-image size-full\"><img loading=\"lazy\" decoding=\"async\" width=\"209\" height=\"209\" src=\"https:\/\/corridadebelem.pt\/wp-content\/uploads\/2026\/03\/POSTER-BELEM-2026-15.png\" alt=\"\" class=\"wp-image-354\" srcset=\"https:\/\/corridadebelem.pt\/wp-content\/uploads\/2026\/03\/POSTER-BELEM-2026-15.png 209w, https:\/\/corridadebelem.pt\/wp-content\/uploads\/2026\/03\/POSTER-BELEM-2026-15-150x150.png 150w\" sizes=\"auto, (max-width: 209px) 100vw, 209px\" \/><\/figure>\n<\/div>\n\n\n\n<div class=\"wp-block-column is-vertically-aligned-center is-layout-flow wp-block-column-is-layout-flow\"><div class=\"wp-block-image\">\n<figure class=\"aligncenter size-full\"><img loading=\"lazy\" decoding=\"async\" width=\"209\" height=\"209\" src=\"https:\/\/corridadebelem.pt\/wp-content\/uploads\/2026\/03\/POSTER-BELEM-2026-16.png\" alt=\"\" class=\"wp-image-355\" srcset=\"https:\/\/corridadebelem.pt\/wp-content\/uploads\/2026\/03\/POSTER-BELEM-2026-16.png 209w, https:\/\/corridadebelem.pt\/wp-content\/uploads\/2026\/03\/POSTER-BELEM-2026-16-150x150.png 150w\" sizes=\"auto, (max-width: 209px) 100vw, 209px\" \/><\/figure>\n<\/div><\/div>\n\n\n\n<div class=\"wp-block-column is-vertically-aligned-center is-layout-flow wp-block-column-is-layout-flow\">\n<figure class=\"wp-block-image size-full\"><img loading=\"lazy\" decoding=\"async\" width=\"209\" height=\"209\" src=\"https:\/\/corridadebelem.pt\/wp-content\/uploads\/2026\/03\/POSTER-BELEM-2026-17.png\" alt=\"\" class=\"wp-image-356\" srcset=\"https:\/\/corridadebelem.pt\/wp-content\/uploads\/2026\/03\/POSTER-BELEM-2026-17.png 209w, https:\/\/corridadebelem.pt\/wp-content\/uploads\/2026\/03\/POSTER-BELEM-2026-17-150x150.png 150w\" sizes=\"auto, (max-width: 209px) 100vw, 209px\" \/><\/figure>\n<\/div>\n\n\n\n<div class=\"wp-block-column is-vertically-aligned-center is-layout-flow wp-block-column-is-layout-flow\">\n<figure class=\"wp-block-image size-full\"><img loading=\"lazy\" decoding=\"async\" width=\"209\" height=\"209\" src=\"https:\/\/corridadebelem.pt\/wp-content\/uploads\/2026\/03\/POSTER-BELEM-2026-18.png\" alt=\"\" class=\"wp-image-357\" srcset=\"https:\/\/corridadebelem.pt\/wp-content\/uploads\/2026\/03\/POSTER-BELEM-2026-18.png 209w, https:\/\/corridadebelem.pt\/wp-content\/uploads\/2026\/03\/POSTER-BELEM-2026-18-150x150.png 150w\" sizes=\"auto, (max-width: 209px) 100vw, 209px\" \/><\/figure>\n<\/div>\n\n\n\n<div class=\"wp-block-column is-vertically-aligned-center is-layout-flow wp-block-column-is-layout-flow\"><\/div>\n\n\n\n<div class=\"wp-block-column is-vertically-aligned-center is-layout-flow wp-block-column-is-layout-flow\"><\/div>\n<\/div>\n\n\n\n<p class=\"has-text-align-center has-neve-text-color-color has-text-color has-link-color wp-elements-6ad0207dc8e9ea35afdb653dc9eb528b\">Bel\u00e9m, batizado com o nome da estrela guia, o lugar de Bel\u00e9m foi, atrav\u00e9s dos s\u00e9culos, um pouco de tudo. Aldeia rural na Idade M\u00e9dia, porto de mar dos Descobrimentos, lugar de quintas aristocr\u00e1ticas, sede do governo ap\u00f3s o terramoto de 1755, zona industrial no s\u00e9culo XIX, praia de banhos com a moda do veraneio, palco da Exposi\u00e7\u00e3o do Mundo Portugu\u00eas, em 1940, cen\u00e1rio da ades\u00e3o de Portugal \u00e0 CEE e, finalmente, um dos mais importantes polos tur\u00edsticos de Lisboa, onde, a par da proximidade do rio o visitante pode encontrar museus, monumentos e jardins hist\u00f3ricos.<\/p>\n\n\n\n<div style=\"height:50px\" aria-hidden=\"true\" class=\"wp-block-spacer\"><\/div>\n<\/div><\/div>\n\n\n\n<div class=\"wp-block-columns alignfull is-layout-flex wp-container-core-columns-is-layout-e2beec5a wp-block-columns-is-layout-flex\" style=\"border-style:none;border-width:0px;padding-top:0px;padding-bottom:0px\">\n<div class=\"wp-block-column has-neve-link-hover-color-background-color has-background is-layout-flow wp-block-column-is-layout-flow\" style=\"flex-basis:200px\">\n<h2 class=\"wp-block-heading has-text-align-center has-nv-site-bg-color has-text-color has-link-color wp-elements-2581b023a2d4236c7779bacd90b8d1fe\"><\/h2>\n<\/div>\n\n\n\n<div class=\"wp-block-column has-neve-link-color-background-color has-background is-layout-flow wp-block-column-is-layout-flow\">\n<div style=\"height:20px\" aria-hidden=\"true\" class=\"wp-block-spacer\"><\/div>\n\n\n<div class=\"wp-block-image is-style-rounded\">\n<figure class=\"aligncenter size-full is-resized\"><img loading=\"lazy\" decoding=\"async\" width=\"209\" height=\"209\" src=\"https:\/\/corridadebelem.pt\/wp-content\/uploads\/2026\/03\/POSTER-BELEM-2026-11.png\" alt=\"\" class=\"wp-image-345\" style=\"width:100px\" srcset=\"https:\/\/corridadebelem.pt\/wp-content\/uploads\/2026\/03\/POSTER-BELEM-2026-11.png 209w, https:\/\/corridadebelem.pt\/wp-content\/uploads\/2026\/03\/POSTER-BELEM-2026-11-150x150.png 150w\" sizes=\"auto, (max-width: 209px) 100vw, 209px\" \/><\/figure>\n<\/div>\n\n\n<h2 class=\"wp-block-heading has-text-align-center has-nv-site-bg-color has-text-color has-link-color wp-elements-555d91b58c95512e88351def4d1fc0a0\">KIDS RACE<\/h2>\n\n\n\n<p class=\"has-text-align-center has-nv-c-1-color has-text-color has-link-color wp-elements-d59f4f8317aeefe1d9e18b1d3d227c36\"><strong>IN\u00cdCIO \u00c0S 9H00<\/strong><\/p>\n\n\n\n<p class=\"has-text-align-center has-nv-site-bg-color has-text-color has-link-color wp-elements-9e802348f50dc5fe6ddee37750e34ad8\"><em>Aberta a crian\u00e7as at\u00e9 aos 13 anos.<\/em><\/p>\n<\/div>\n\n\n\n<div class=\"wp-block-column has-neve-link-hover-color-background-color has-background is-layout-flow wp-block-column-is-layout-flow\">\n<div style=\"height:20px\" aria-hidden=\"true\" class=\"wp-block-spacer\"><\/div>\n\n\n<div class=\"wp-block-image\">\n<figure class=\"aligncenter size-full is-resized\"><img loading=\"lazy\" decoding=\"async\" width=\"209\" height=\"209\" src=\"https:\/\/corridadebelem.pt\/wp-content\/uploads\/2026\/03\/POSTER-BELEM-2026-12.png\" alt=\"\" class=\"wp-image-346\" style=\"width:100px\" srcset=\"https:\/\/corridadebelem.pt\/wp-content\/uploads\/2026\/03\/POSTER-BELEM-2026-12.png 209w, https:\/\/corridadebelem.pt\/wp-content\/uploads\/2026\/03\/POSTER-BELEM-2026-12-150x150.png 150w\" sizes=\"auto, (max-width: 209px) 100vw, 209px\" \/><\/figure>\n<\/div>\n\n\n<h2 class=\"wp-block-heading has-text-align-center has-nv-site-bg-color has-text-color has-link-color wp-elements-129b4b2872a446faff2c7d70fe866418\">CORRIDA 10KM<\/h2>\n\n\n\n<p class=\"has-text-align-center has-nv-c-1-color has-text-color has-link-color wp-elements-dc8cbf8899e11378cbbf3caf4d1712eb\"><strong>IN\u00cdCIO \u00c0S 9H45<\/strong><\/p>\n\n\n\n<p class=\"has-text-align-center has-nv-site-bg-color has-text-color has-link-color wp-elements-4e4b6255b7f52fde73221f3b5d618564\"><em>Aberta a atletas com mais de 18 anos.<\/em><\/p>\n<\/div>\n\n\n\n<div class=\"wp-block-column has-neve-link-color-background-color has-background is-layout-flow wp-block-column-is-layout-flow\">\n<div style=\"height:20px\" aria-hidden=\"true\" class=\"wp-block-spacer\"><\/div>\n\n\n<div class=\"wp-block-image\">\n<figure class=\"aligncenter size-full is-resized\"><img loading=\"lazy\" decoding=\"async\" width=\"209\" height=\"209\" src=\"https:\/\/corridadebelem.pt\/wp-content\/uploads\/2026\/03\/POSTER-BELEM-2026-13.png\" alt=\"\" class=\"wp-image-347\" style=\"width:100px\" srcset=\"https:\/\/corridadebelem.pt\/wp-content\/uploads\/2026\/03\/POSTER-BELEM-2026-13.png 209w, https:\/\/corridadebelem.pt\/wp-content\/uploads\/2026\/03\/POSTER-BELEM-2026-13-150x150.png 150w\" sizes=\"auto, (max-width: 209px) 100vw, 209px\" \/><\/figure>\n<\/div>\n\n\n<h2 class=\"wp-block-heading has-text-align-center has-nv-site-bg-color has-text-color has-link-color wp-elements-26f6bdd77c3d0276efb9397e7ed92144\">CAMINHADA 5KM<\/h2>\n\n\n\n<p class=\"has-text-align-center has-nv-c-1-color has-text-color has-link-color wp-elements-84df109d3e122ad411e60634820fb7ab\"><strong>IN\u00cdCIO \u00c0S 9H50<\/strong><\/p>\n\n\n\n<p class=\"has-text-align-center has-nv-site-bg-color has-text-color has-link-color wp-elements-680c55fa14fc951b32f30a8d180f4d07\"><em>N\u00e3o tem limite de idade.<\/em><\/p>\n<\/div>\n\n\n\n<div class=\"wp-block-column has-neve-link-hover-color-background-color has-background is-layout-flow wp-block-column-is-layout-flow\" style=\"flex-basis:200px\">\n<h2 class=\"wp-block-heading has-text-align-center has-nv-site-bg-color has-text-color has-link-color wp-elements-2581b023a2d4236c7779bacd90b8d1fe\"><\/h2>\n<\/div>\n<\/div>\n\n\n\n<div class=\"wp-block-group\"><div class=\"wp-block-group__inner-container is-layout-constrained wp-block-group-is-layout-constrained\">\n<div style=\"height:50px\" aria-hidden=\"true\" class=\"wp-block-spacer\"><\/div>\n\n\n\n<div class=\"wp-block-columns is-layout-flex wp-container-core-columns-is-layout-9d6595d7 wp-block-columns-is-layout-flex\">\n<div class=\"wp-block-column is-layout-flow wp-block-column-is-layout-flow\"><\/div>\n\n\n\n<div class=\"wp-block-column is-layout-flow wp-block-column-is-layout-flow\">\n<p class=\"has-text-align-center has-small-font-size\">ORGANIZA\u00c7\u00c3O<\/p>\n\n\n<div class=\"wp-block-image\">\n<figure class=\"aligncenter size-full\"><img loading=\"lazy\" decoding=\"async\" width=\"137\" height=\"86\" src=\"https:\/\/corridadebelem.pt\/wp-content\/uploads\/2026\/03\/POSTER-BELEM-2026-24.jpg\" alt=\"\" class=\"wp-image-416\"\/><\/figure>\n<\/div><\/div>\n\n\n\n<div class=\"wp-block-column is-layout-flow wp-block-column-is-layout-flow\">\n<p class=\"has-text-align-center has-small-font-size\">PARCEIROS<\/p>\n\n\n<div class=\"wp-block-image\">\n<figure class=\"aligncenter size-full\"><img loading=\"lazy\" decoding=\"async\" width=\"71\" height=\"86\" src=\"https:\/\/corridadebelem.pt\/wp-content\/uploads\/2026\/03\/POSTER-BELEM-2026-25.jpg\" alt=\"\" class=\"wp-image-417\"\/><\/figure>\n<\/div><\/div>\n\n\n\n<div class=\"wp-block-column is-layout-flow wp-block-column-is-layout-flow\">\n<p class=\"has-text-align-center has-small-font-size\">APOIO INSTITUCIONAL<\/p>\n\n\n<div class=\"wp-block-image\">\n<figure class=\"aligncenter size-full\"><img loading=\"lazy\" decoding=\"async\" width=\"137\" height=\"86\" src=\"https:\/\/corridadebelem.pt\/wp-content\/uploads\/2026\/03\/POSTER-BELEM-2026-26.jpg\" alt=\"\" class=\"wp-image-418\"\/><\/figure>\n<\/div><\/div>\n\n\n\n<div class=\"wp-block-column is-layout-flow wp-block-column-is-layout-flow\">\n<p class=\"has-text-align-center has-small-font-size\">ORGANIZA\u00c7\u00c3O T\u00c9CNICA<\/p>\n\n\n<div class=\"wp-block-image\">\n<figure class=\"aligncenter size-full\"><img loading=\"lazy\" decoding=\"async\" width=\"137\" height=\"86\" src=\"https:\/\/corridadebelem.pt\/wp-content\/uploads\/2026\/03\/POSTER-BELEM-2026-27.jpg\" alt=\"\" class=\"wp-image-419\"\/><\/figure>\n<\/div><\/div>\n\n\n\n<div class=\"wp-block-column is-layout-flow wp-block-column-is-layout-flow\"><\/div>\n<\/div>\n\n\n\n<p class=\"has-text-align-center has-small-font-size\">APOIOS<\/p>\n\n\n\n<div class=\"wp-block-columns is-layout-flex wp-container-core-columns-is-layout-9d6595d7 wp-block-columns-is-layout-flex\">\n<div class=\"wp-block-column is-layout-flow wp-block-column-is-layout-flow\"><div class=\"wp-block-image\">\n<figure class=\"aligncenter size-full\"><img loading=\"lazy\" decoding=\"async\" width=\"71\" height=\"86\" src=\"https:\/\/corridadebelem.pt\/wp-content\/uploads\/2026\/03\/POSTER-BELEM-2026-28.jpg\" alt=\"\" class=\"wp-image-420\"\/><\/figure>\n<\/div><\/div>\n\n\n\n<div class=\"wp-block-column is-layout-flow wp-block-column-is-layout-flow\"><div class=\"wp-block-image\">\n<figure class=\"aligncenter size-full\"><img loading=\"lazy\" decoding=\"async\" width=\"137\" height=\"86\" src=\"https:\/\/corridadebelem.pt\/wp-content\/uploads\/2026\/03\/POSTER-BELEM-2026-29.jpg\" alt=\"\" class=\"wp-image-421\"\/><\/figure>\n<\/div><\/div>\n\n\n\n<div class=\"wp-block-column is-layout-flow wp-block-column-is-layout-flow\"><div class=\"wp-block-image\">\n<figure class=\"aligncenter size-full is-resized\"><img loading=\"lazy\" decoding=\"async\" width=\"137\" height=\"86\" src=\"https:\/\/corridadebelem.pt\/wp-content\/uploads\/2026\/03\/POSTER-BELEM-2026-34.jpg\" alt=\"\" class=\"wp-image-426\" style=\"width:137px;height:auto\"\/><\/figure>\n<\/div><\/div>\n\n\n\n<div class=\"wp-block-column is-layout-flow wp-block-column-is-layout-flow\"><div class=\"wp-block-image\">\n<figure class=\"aligncenter size-full\"><img loading=\"lazy\" decoding=\"async\" width=\"137\" height=\"86\" src=\"https:\/\/corridadebelem.pt\/wp-content\/uploads\/2026\/03\/POSTER-BELEM-2026-30.jpg\" alt=\"\" class=\"wp-image-422\"\/><\/figure>\n<\/div><\/div>\n\n\n\n<div class=\"wp-block-column is-layout-flow wp-block-column-is-layout-flow\"><div class=\"wp-block-image\">\n<figure class=\"aligncenter size-full\"><img loading=\"lazy\" decoding=\"async\" width=\"71\" height=\"86\" src=\"https:\/\/corridadebelem.pt\/wp-content\/uploads\/2026\/03\/POSTER-BELEM-2026-32.jpg\" alt=\"\" class=\"wp-image-424\"\/><\/figure>\n<\/div><\/div>\n\n\n\n<div class=\"wp-block-column is-layout-flow wp-block-column-is-layout-flow\"><div class=\"wp-block-image\">\n<figure class=\"aligncenter size-full\"><img loading=\"lazy\" decoding=\"async\" width=\"71\" height=\"86\" src=\"https:\/\/corridadebelem.pt\/wp-content\/uploads\/2026\/03\/POSTER-BELEM-2026-33.jpg\" alt=\"\" class=\"wp-image-425\"\/><\/figure>\n<\/div><\/div>\n\n\n\n<div class=\"wp-block-column is-layout-flow wp-block-column-is-layout-flow\"><div class=\"wp-block-image\">\n<figure class=\"aligncenter size-full\"><img loading=\"lazy\" decoding=\"async\" width=\"137\" height=\"86\" src=\"https:\/\/corridadebelem.pt\/wp-content\/uploads\/2026\/03\/POSTER-BELEM-2026-34-1.jpg\" alt=\"\" class=\"wp-image-432\"\/><\/figure>\n<\/div><\/div>\n\n\n\n<div class=\"wp-block-column is-layout-flow wp-block-column-is-layout-flow\"><div class=\"wp-block-image\">\n<figure class=\"aligncenter size-full is-resized\"><img loading=\"lazy\" decoding=\"async\" width=\"137\" height=\"86\" src=\"https:\/\/corridadebelem.pt\/wp-content\/uploads\/2026\/03\/POSTER-BELEM-2026-31.jpg\" alt=\"\" class=\"wp-image-423\" style=\"width:137px;height:auto\"\/><\/figure>\n<\/div><\/div>\n<\/div>\n\n\n\n<div style=\"height:50px\" aria-hidden=\"true\" class=\"wp-block-spacer\"><\/div>\n<\/div><\/div>\n\n\n\n<hr class=\"wp-block-separator alignfull has-text-color has-neve-link-color-color has-alpha-channel-opacity has-neve-link-color-background-color has-background is-style-wide\"\/>\n\n\n\n<p class=\"has-text-align-center has-neve-link-hover-color-color has-text-color has-link-color has-small-font-size wp-elements-9455cfbab03aab19f66c700a5bbc73f2\"><strong>APOIO AO CLIENTE<\/strong>&nbsp;| Cal\u00e7ada da Tapada, 71A 1349-012 Lisboa |&nbsp;<strong>Hor\u00e1rio de funcionamento:<\/strong>&nbsp;Segunda a Sexta-feira: 09h30 \u00e0s 13h00 e das 14h00 \u00e0s 18h30<br>Tel.: 213 616 160 \/ geral@xistarca.pt \/ resultados@xistarca.pt<\/p>\n","protected":false},"excerpt":{"rendered":"<p>KIDS RACE IN\u00cdCIO \u00c0S 9H00 Aberta a crian\u00e7as at\u00e9 aos 13 anos. CORRIDA 10KM IN\u00cdCIO \u00c0S 9H45 Aberta a atletas com mais de 18 anos. CAMINHADA 5KM IN\u00cdCIO \u00c0S 9H50 N\u00e3o tem limite de idade. ORGANIZA\u00c7\u00c3O PARCEIROS APOIO INSTITUCIONAL ORGANIZA\u00c7\u00c3O T\u00c9CNICA APOIOS APOIO AO CLIENTE&nbsp;| Cal\u00e7ada da Tapada, 71A 1349-012 Lisboa |&nbsp;Hor\u00e1rio de funcionamento:&nbsp;Segunda a&hellip;&nbsp;<a href=\"https:\/\/corridadebelem.pt\/\" rel=\"bookmark\">Ler mais &raquo;<span class=\"screen-reader-text\">HOME<\/span><\/a><\/p>\n","protected":false},"author":2,"featured_media":0,"parent":0,"menu_order":0,"comment_status":"closed","ping_status":"closed","template":"","meta":{"_uag_custom_page_level_css":"","neve_meta_sidebar":"full-width","neve_meta_container":"contained","neve_meta_enable_content_width":"on","neve_meta_content_width":100,"neve_meta_title_alignment":"","neve_meta_author_avatar":"","neve_post_elements_order":"","neve_meta_disable_header":"","neve_meta_disable_footer":"","neve_meta_disable_title":"on","footnotes":""},"class_list":["post-8","page","type-page","status-publish","hentry"],"uagb_featured_image_src":{"full":false,"thumbnail":false,"medium":false,"medium_large":false,"large":false,"1536x1536":false,"2048x2048":false,"neve-blog":false},"uagb_author_info":{"display_name":"erica.cardoso@xistarca.pt","author_link":"https:\/\/corridadebelem.pt\/index.php\/author\/erica-cardosoxistarca-pt\/"},"uagb_comment_info":0,"uagb_excerpt":"KIDS RACE IN\u00cdCIO \u00c0S 9H00 Aberta a crian\u00e7as at\u00e9 aos 13 anos. CORRIDA 10KM IN\u00cdCIO \u00c0S 9H45 Aberta a atletas com mais de 18 anos. CAMINHADA 5KM IN\u00cdCIO \u00c0S 9H50 N\u00e3o tem limite de idade. ORGANIZA\u00c7\u00c3O PARCEIROS APOIO INSTITUCIONAL ORGANIZA\u00c7\u00c3O T\u00c9CNICA APOIOS APOIO AO CLIENTE&nbsp;| Cal\u00e7ada da Tapada, 71A 1349-012 Lisboa |&nbsp;Hor\u00e1rio de funcionamento:&nbsp;Segunda a&hellip;&nbsp;Ler&hellip;","_links":{"self":[{"href":"https:\/\/corridadebelem.pt\/index.php\/wp-json\/wp\/v2\/pages\/8","targetHints":{"allow":["GET"]}}],"collection":[{"href":"https:\/\/corridadebelem.pt\/index.php\/wp-json\/wp\/v2\/pages"}],"about":[{"href":"https:\/\/corridadebelem.pt\/index.php\/wp-json\/wp\/v2\/types\/page"}],"author":[{"embeddable":true,"href":"https:\/\/corridadebelem.pt\/index.php\/wp-json\/wp\/v2\/users\/2"}],"replies":[{"embeddable":true,"href":"https:\/\/corridadebelem.pt\/index.php\/wp-json\/wp\/v2\/comments?post=8"}],"version-history":[{"count":58,"href":"https:\/\/corridadebelem.pt\/index.php\/wp-json\/wp\/v2\/pages\/8\/revisions"}],"predecessor-version":[{"id":439,"href":"https:\/\/corridadebelem.pt\/index.php\/wp-json\/wp\/v2\/pages\/8\/revisions\/439"}],"wp:attachment":[{"href":"https:\/\/corridadebelem.pt\/index.php\/wp-json\/wp\/v2\/media?parent=8"}],"curies":[{"name":"wp","href":"https:\/\/api.w.org\/{rel}","templated":true}]}}